 what is 2 + 31307?
31311
In base 7, what is 23033 - 34?
22666
In base 6, what is -222 - -442?
220
In base 2, what is -11 - 10011100111000?
-10011100111011
In base 11, what is -22a0 + 65?
-2236
In base 14, what is b324 + 6?
b32a
In base 7, what is 116 - -1311?
1430
In base 7, what is -342 + -1112?
-1454
In base 13, what is -1b - -4c151?
4c133
In base 15, what is 23 + -99dd?
-99ba
In base 8, what is -24 - 17030?
-17054
In base 15, what is -128c - -1?
-128b
In base 15, what is b - -1b5?
1c1
In base 16, what is 6 + c9f?
ca5
In base 12, what is -4 + -10035?
-10039
In base 12, what is a406 + 2?
a408
In base 8, what is -27 - -174662?
174633
In base 11, what is 1744 + 18?
1761
In base 8, what is 3 - -767000?
767003
In base 16, what is 8 - -8cb8d?
8cb95
In base 16, what is 592e8 - 1?
592e7
In base 4, what is -10 - 11300021300?
-11300021310
In base 7, what is -32 - -2565?
2533
In base 12, what is 249b + -21a?
2281
In base 13, what is 3191 + -12?
317c
In base 15, what is -129 + 73?
-a6
In base 8, what is -1 - 1132342?
-1132343
In base 14, what is -31 + 210d?
20bc
In base 9, what is -2387 + 13?
-2374
In base 16, what is -360 - a2?
-402
In base 15, what is -12277 + 3?
-12274
In base 4, what is 10232310 + -11?
10232233
In base 13, what is 2a0b2 - -5?
2a0b7
In base 11, what is -749 - 90?
-829
In base 12, what is -38788 - 5?
-38791
In base 3, what is -12121022020 + -11?
-12121022101
In base 16, what is 584e - 1a?
5834
In base 10, what is -256706 - -1?
-256705
In base 15, what is 5 - 409?
-404
In base 14, what is -1445 + -213?
-1658
In base 14, what is -12511 - -11?
-12500
In base 11, what is 1a - 190?
-171
In base 12, what is 225730 - 2?
22572a
In base 7, what is 423 + 12?
435
In base 10, what is -715 + -330?
-1045
In base 7, what is 5330 + 20?
5350
In base 4, what is -13003 + -1033?
-20102
In base 8, what is 240351 - -4?
240355
In base 5, what is -130 - 43?
-223
In base 10, what is -7557 - 2?
-7559
In base 10, what is -695 - -703?
8
In base 3, what is -1101110100 - 2?
-1101110102
In base 12, what is -15 - 73a2?
-73b7
In base 2, what is -100111100110111 + 0?
-100111100110111
In base 5, what is 23424 - 40?
23334
In base 9, what is 7007 + -55?
6842
In base 4, what is 13020 + -11211?
1203
In base 5, what is 4 + 43413243?
43413302
In base 6, what is 3311300 + 2?
3311302
In base 8, what is 107103 - -6?
107111
In base 11, what is -2 + 83861?
8385a
In base 15, what is -207 + -33b?
-543
In base 2, what is -110000110100 + 101?
-110000101111
In base 10, what is -1417 + -177?
-1594
In base 13, what is 14 - -15b?
172
In base 4, what is -12003 - -1100?
-10303
In base 14, what is 2b + cb1a?
cb47
In base 9, what is 4 - 67100?
-67085
In base 7, what is 6 + 444523?
444532
In base 5, what is -10333100 - 14?
-10333114
In base 13, what is -82c + -9?
-838
In base 10, what is -8 - 1288?
-1296
In base 11, what is 12 - 11?
1
In base 9, what is -455008 + 0?
-455008
In base 3, what is -102201002 - -201?
-102200101
In base 14, what is 1c5 - -a4?
289
In base 10, what is -149238 - -1?
-149237
In base 10, what is -171 - -147?
-24
In base 10, what is -283273 - 3?
-283276
In base 5, what is -2103410 - -4?
-2103401
In base 9, what is 413 + -25538?
-25125
In base 4, what is 13011 - 10013?
2332
In base 8, what is -107612 + 3?
-107607
In base 6, what is -24 + 33152?
33124
In base 6, what is 30 - -151130?
151200
In base 6, what is 14 - 10010?
-5552
In base 5, what is 1223403 + 10?
1223413
In base 15, what is 2 - -18d63?
18d65
In base 15, what is 24d7 + 55?
253c
In base 10, what is -4141 - -6?
-4135
In base 12, what is 27 - -927?
952
In base 10, what is 136 - 31776?
-31640
In base 10, what is 12 + 687612?
687624
In base 15, what is d8a + 15d?
ee8
In base 3, what is -11201011 - 0?
-11201011
In base 12, what is 4336a9 + -2?
4336a7
In base 9, what is 3532 - -10?
3542
In base 10, what is 14 - -5083?
5097
In base 5, what is 2434 - 10?
2424
In base 12, what is 3b5 - -348?
741
In base 11, what is -706 - 3a?
-745
In base 7, what is 1416422 - -10?
1416432
In base 4, what is 3 + 1002203310?
1002203313
In base 14, what is -8 + -1d12d?
-1d137
In base 11, what is 51910 - -5?
51915
In base 2, what is 10 + 1001011010111?
1001011011001
In base 6, what is -24235 - 24?
-24303
In base 4, what is -230012132 - -1?
-230012131
In base 3, what is 110120111 + 12?
110120200
In base 12, what is -197aa + -1?
-197ab
In base 3, what is -11001 + -1221020?
-2002021
In base 12, what is 49350 + -6?
49346
In base 7, what is 6 + -5103?
-5064
In base 5, what is -20123 - -102?
-20021
In base 7, what is 1650 + 51?
2031
In base 8, what is 0 + -32304?
-32304
In base 13, what is -238 + -16a?
-3a5
In base 6, what is -202 - -104?
-54
In base 11, what is 244a - 149?
2301
In base 11, what is -3 + -617423?
-617426
In base 14, what is -4d + 57c?
52d
In base 9, what is -10 + 3567?
3557
In base 3, what is 102 - -1002122220?
1002200022
In base 14, what is -5 + -2149?
-2150
In base 10, what is 47691 + 8?
47699
In base 16, what is 3b3 - 47b?
-c8
In base 13, what is 2a - 3a01?
-39a4
In base 16, what is -7 - -f84?
f7d
In base 8, what is -1772 + 240?
-1532
In base 11, what is -556 - -204?
-352
In base 9, what is -4 - -11506?
11502
In base 6, what is 453525 - -2?
453531
In base 12, what is 5 - 65711?
-65708
In base 8, what is -173756 - 3?
-173761
In base 2, what is 100001111 + 100111011?
1001001010
In base 4, what is 223212 - 100013?
123133
In base 7, what is -5 - 1043614?
-1043622
In base 3, what is 120022120 - 111?
120022002
In base 16, what is -1e + 19f?
181
In base 3, what is -2012 + -120212?
-200001
In base 14, what is -80867 - -3?
-80864
In base 4, what is -231111 - 122?
-231233
In base 10, what is 542 + 3?
545
In base 15, what is -1c5cb2 - 3?
-1c5cb5
In base 16, what is 33 - -3dae?
3de1
In base 5, what is 224224 - 2?
224222
In base 7, what is 3036 + 2553?
5622
In base 9, what is -3 - 153040?
-153043
In base 13, what is 8 + 8bb8?
8bc3
In base 3, what is 10 + 2202202021?
2202202101
In base 15, what is -1ea04 + 2?
-1ea02
In base 2, what is -10001110 - -10101001?
11011
In base 10, what is 3 - 3306?
-3303
In base 4, what is -31 + 2133010?
2132313
In base 14, what is 73a5 - -1?
73a6
In base 2, what is -10000001010010101 + -101?
-10000001010011010
In base 9, what is -2 - 883502?
-883504
In base 12, what is 135a + -1b?
133b
In base 10, what is 93 - 219?
-126
In base 16, what is 2 - -186?
188
In base 8, what is -4 + 353657?
353653
In base 8, what is 56 - 14444?
-14366
In base 13, what is c - -7?
16
In base 13, what is 7c73 + -1?
7c72
In base 2, what is -10 - -111110000111?
111110000101
In base 15, what is -619 - -37?
-5d2
In base 3, what is -10002222220 - 1111?
-10010001101
In base 9, what is -24515 - -10?
-24505
In base 7, what is 61324 - 0?
61324
In base 9, what is 87268 - -4?
87273
In base 16, what is 6 + ab59?
ab5f
In base 15, what is 402a53 + -3?
402a50
In base 12, what is -24769 + 1a?
-2474b
In base 5, what is 333 + 22341?
23224
In base 3, what is 101112000220 - 11?
101112000202
In base 13, what is 47 - -953?
99a
In base 15, what is 6c4 - 49?
67a
In base 16, what is 1a - 6ee?
-6d4
In base 8, what is 103507 + 2?
103511
In base 12, what is -86124 - -2?
-86122
In base 9, what is -144 + 7473?
7328
In base 7, what is 664043 - -5?
664051
In base 7, what is -4 - -12314?
12310
In base 13, what is -6 + 29?
23
In base 12, what is 86b2 - -3?
86b5
In base 11, what is -9695 + 5?
-9690
In base 12, what is -15 + 3a3?
38a
In base 8, what is 474 + -353?
121
In base 6, what is 0 - 51022?
-51022
In base 5, what is 32101 - -102?
32203
In base 15, what is 10a + 5913?
5a1d
In base 7, what is -11 + 30115?
30104
In base 16, what is e4d6 + 0?
e4d6
In base 13, what is 8347 + 4?
834b
In base 13, what is -24 + -802b?
-8052
In base 13, what is 62 - 532b?
-5299
In base 9, what is 1 + -24417?
-24416
In base 12, what is -102017 - 3?
-10201a
In base 8, what is 3762 + -15?
3745
In base 11, what is 12212 - 36?
12187
In base 9, what is -20258 + 10?
-20248
In base 13, what is -5c9 + 87?
-542
In base 8, what is 463223 - 4?
463217
In base 3, what is 221 + 1210100?
1211021
In base 9, what is -74 - -15?
-58
In base 12, what is -2b1a - -12?
-2b08
In base 13, what is -2459ba - 4?
-2459c1
In base 2, what is -10 - 11011010010111010011?
-11011010010111010101
In base 3, what is -1011 + 22